
Calculate the highest common factor of 3021 and 7125.
57
What is the greatest common divisor of 226 and 963777?
113
What is the greatest common factor of 984 and 9799?
41
Calculate the highest common divisor of 115346 and 321.
107
What is the greatest common factor of 1512 and 1107?
27
What is the highest common factor of 649470 and 60?
30
Calculate the highest common divisor of 54514 and 388.
194
Calculate the greatest common divisor of 91900 and 100.
100
What is the highest common factor of 18193 and 11914?
161
What is the highest common factor of 419 and 3822118?
419
What is the greatest common divisor of 14271 and 568?
71
Calculate the highest common factor of 118036 and 92.
92
What is the highest common divisor of 1219 and 6647?
23
What is the greatest common divisor of 13156 and 1008228?
1196
Calculate the highest common divisor of 1296188 and 386.
386
Calculate the greatest common divisor of 12403 and 1501.
79
Calculate the highest common factor of 128 and 9344.
128
What is the greatest common factor of 875 and 16800?
175
What is the highest common factor of 1348 and 42799?
337
What is the highest common factor of 2076 and 58647?
519
Calculate the greatest common factor of 1701824 and 448.
64
Calculate the highest common divisor of 420 and 37500.
60
What is the highest common factor of 230079 and 21225?
849
Calculate the greatest common divisor of 429 and 53430.
39
What is the greatest common divisor of 352 and 153472?
352
What is the greatest common divisor of 344 and 240026?
86
Calculate the greatest common factor of 195 and 384306.
39
What is the highest common factor of 11999 and 78?
13
What is the highest common divisor of 50735 and 2117?
73
Calculate the highest common divisor of 1676 and 950711.
419
What is the highest common factor of 1794709 and 1162?
581
What is the greatest common factor of 226468 and 44?
44
Calculate the greatest common divisor of 12414 and 36.
6
What is the greatest common divisor of 11448 and 56?
8
Calculate the greatest common factor of 66007 and 447.
149
What is the greatest common factor of 426795 and 7215?
555
What is the greatest common divisor of 3923100 and 1350?
1350
What is the greatest common factor of 22379 and 23?
23
Calculate the highest common divisor of 4466 and 9856.
154
Calculate the greatest common factor of 13961 and 69.
23
Calculate the highest common divisor of 60 and 71616.
12
What is the highest common factor of 2138776 and 202?
202
Calculate the greatest common divisor of 21873 and 7038.
69
Calculate the greatest common factor of 1204 and 559.
43
Calculate the highest common factor of 289 and 849949.
289
Calculate the highest common factor of 12834 and 1050249.
2139
Calculate the greatest common factor of 1092 and 4992.
156
Calculate the greatest common factor of 104140 and 12065.
635
What is the highest common factor of 17261 and 83779?
421
What is the greatest common divisor of 264894 and 5936?
742
Calculate the highest common divisor of 893 and 72751.
19
What is the highest common factor of 4416 and 9?
3
What is the greatest common factor of 9350 and 2244?
374
What is the greatest common divisor of 427476 and 588?
588
What is the greatest common factor of 24900 and 160?
20
Calculate the highest common divisor of 74 and 3209380.
74
Calculate the greatest common divisor of 1072 and 688.
16
Calculate the highest common divisor of 5661 and 1836.
153
Calculate the highest common factor of 1686699 and 7.
7
What is the greatest common divisor of 295610 and 5047?
721
What is the greatest common factor of 24151644 and 1562?
1562
Calculate the greatest common divisor of 14393 and 481.
37
Calculate the highest common factor of 79916 and 20.
4
Calculate the greatest common divisor of 565321 and 43.
43
What is the greatest common factor of 13137 and 11778?
453
Calculate the greatest common divisor of 56 and 1624.
56
What is the greatest common divisor of 47248 and 48?
16
What is the highest common divisor of 4147 and 1331?
11
What is the greatest common factor of 1468 and 6124?
4
Calculate the highest common divisor of 870 and 651282.
174
Calculate the greatest common factor of 100 and 77260.
20
What is the highest common divisor of 21 and 77?
7
What is the greatest common factor of 2640 and 756624?
528
What is the greatest common factor of 167295 and 190?
95
Calculate the highest common factor of 33374 and 57794.
814
Calculate the greatest common divisor of 259 and 15981.
7
What is the greatest common divisor of 17 and 13379?
17
What is the highest common divisor of 26850 and 90?
30
What is the greatest common factor of 850 and 4590?
170
Calculate the greatest common divisor of 1176 and 1352.
8
What is the greatest common factor of 109756 and 92?
92
Calculate the highest common factor of 2712668 and 532.
532
What is the greatest common factor of 225 and 22635?
45
Calculate the highest common divisor of 15670 and 60.
10
Calculate the greatest common factor of 325 and 7280.
65
Calculate the highest common divisor of 37500 and 400.
100
What is the greatest common factor of 1557376 and 8?
8
What is the highest common divisor of 4046 and 221374?
578
Calculate the highest common divisor of 247 and 8683.
19
What is the greatest common factor of 1590 and 4266?
6
Calculate the highest common factor of 572 and 32188.
52
What is the highest common factor of 171 and 8142678?
171
What is the greatest common divisor of 18226 and 7358?
26
Calculate the highest common factor of 190 and 51110.
190
What is the greatest common factor of 4200 and 105800?
200
What is the greatest common factor of 19019 and 7315?
1463
What is the greatest common divisor of 59094 and 35280?
882
What is the greatest common divisor of 4275 and 99123?
57
Calculate the greatest common divisor of 285 and 531183.
57
Calculate the highest common divisor of 4348 and 1076.
4
Calculate the greatest common divisor of 82185 and 75.
15
Calculate the greatest common factor of 6498 and 9.
9
What is the greatest common divisor of 2140 and 2762740?
2140
Calculate the greatest common divisor of 42680 and 2.
2
What is the highest common divisor of 295 and 1829?
59
Calculate the greatest common divisor of 2021 and 20539.
47
What is the highest common factor of 15239 and 938287?
2177
What is the highest common factor of 19831 and 105?
7
What is the highest common factor of 8328 and 30?
6
Calculate the greatest common factor of 27680 and 320.
160
Calculate the greatest common factor of 9 and 8793.
9
Calculate the greatest common divisor of 753630 and 30.
30
What is the greatest common factor of 96 and 4338?
6
What is the greatest common factor of 6 and 323346?
6
Calculate the greatest common divisor of 105 and 5160.
15
What is the highest common divisor of 11 and 163922?
11
Calculate the greatest common divisor of 54 and 200097.
27
Calculate the greatest common factor of 460 and 41308.
92
What is the highest common divisor of 5447 and 6253?
13
Calculate the highest common factor of 51 and 5512029.
51
What is the highest common divisor of 90 and 282330?
90
What is the highest common divisor of 3689 and 4369?
17
What is the highest common divisor of 52659 and 1341?
9
Calculate the highest common factor of 65026 and 8320.
26
What is the highest common factor of 12492 and 1784968?
1388
Calculate the greatest common factor of 101 and 84739.
101
What is the greatest common divisor of 2752 and 216?
8
Calculate the greatest common divisor of 227 and 205889.
227
What is the greatest common factor of 31702 and 44?
22
Calculate the highest common divisor of 5485 and 225.
5
Calculate the highest common divisor of 333 and 13135.
37
What is the highest common divisor of 5747 and 833?
7
Calculate the highest common divisor of 29187 and 130410.
621
Calculate the highest common factor of 127056 and 600.
24
What is the highest common factor of 1109540 and 40?
20
What is the greatest common factor of 28 and 1840?
4
What is the highest common divisor of 21 and 168301?
7
What is the highest common divisor of 10 and 997?
1
What is the greatest common divisor of 1240 and 1000?
40
Calculate the highest common factor of 1027026 and 456.
114
What is the greatest common divisor of 211204 and 10108?
532
Calculate the greatest common divisor of 3077 and 867.
17
Calculate the